{"id":15883,"date":"2026-04-06T05:52:09","date_gmt":"2026-04-06T04:52:09","guid":{"rendered":"https:\/\/grillcentrum.shop\/gree\/produkt\/trampolina-ogrodowa-atlas-sport-305-cm-10ft-siatka-180-cm-pro-zielona\/"},"modified":"2026-04-11T02:22:28","modified_gmt":"2026-04-11T01:22:28","slug":"trampolina-ogrodowa-atlas-sport-305-cm-10ft-siatka-180-cm-pro-zielona","status":"publish","type":"product","link":"https:\/\/ogrodowysklepplus.shop\/grill\/produkt\/trampolina-ogrodowa-atlas-sport-305-cm-10ft-siatka-180-cm-pro-zielona\/","title":{"rendered":"TRAMPOLINA OGRODOWA ATLAS SPORT 305 cm 10ft SIATKA 180 CM PRO ZIELONA"},"content":{"rendered":"<div style=\"font-family: Arial, sans-serif; line-height: 1.6; color: #333; padding: 20px; clear: both; display: block; width: 100%; float: none; position: static; overflow: hidden;\">\n<div style=\"clear: both; display: block; margin: 10px 0;\">\n<div style=\"clear: both; display: block; margin: 10px 0;\">\n<div style=\"clear: both; display: block; margin: 10px 0;\">\n<div  style=\"max-width:930px;max-height:1033px\">\n<div style=\"clear: both; display: block; margin: 10px 0;\">\n<div style=\"clear: both; width: 100%; display: block; margin: 20px 0; padding: 0; float: none; position: static; text-align: center;\"><img decoding=\"async\"  src=\"https:\/\/a.allegroimg.com\/original\/1177a4\/a9ba8e814a8abccf139d3939cf0c\/TRAMPOLINA-OGRODOWA-ATLAS-SPORT-305-cm-10ft-SIATKA-180-CM-PRO-ZIELONA\" srcset=\"https:\/\/a.allegroimg.com\/original\/1177a4\/a9ba8e814a8abccf139d3939cf0c\/TRAMPOLINA-OGRODOWA-ATLAS-SPORT-305-cm-10ft-SIATKA-180-CM-PRO-ZIELONA 324w,https:\/\/a.allegroimg.com\/original\/1177a4\/a9ba8e814a8abccf139d3939cf0c\/TRAMPOLINA-OGRODOWA-ATLAS-SPORT-305-cm-10ft-SIATKA-180-CM-PRO-ZIELONA 648w,https:\/\/a.allegroimg.com\/original\/1177a4\/a9ba8e814a8abccf139d3939cf0c\/TRAMPOLINA-OGRODOWA-ATLAS-SPORT-305-cm-10ft-SIATKA-180-CM-PRO-ZIELONA 921w,https:\/\/a.allegroimg.com\/original\/1177a4\/a9ba8e814a8abccf139d3939cf0c\/TRAMPOLINA-OGRODOWA-ATLAS-SPORT-305-cm-10ft-SIATKA-180-CM-PRO-ZIELONA 930w,https:\/\/a.allegroimg.com\/original\/1177a4\/a9ba8e814a8abccf139d3939cf0c\/TRAMPOLINA-OGRODOWA-ATLAS-SPORT-305-cm-10ft-SIATKA-180-CM-PRO-ZIELONA 930w\" sizes=\"(min-width: 1200px) 560px, (min-width: 992px) 50vw, 100vw\" width=\"930px\" alt=\"TRAMPOLINA OGRODOWA ATLAS SPORT 305 cm 10ft SIATKA 180 CM PRO ZIELONA\" style=\"max-width: 100%; height: auto; display: block; margin: 0 auto;\"><\/div>\n<\/div>\n<\/div>\n<\/div>\n<\/div>\n<div style=\"clear: both; display: block; margin: 10px 0;\">\n<div style=\"clear: both; display: block; margin: 10px 0;\">\n<h1>Trampolina 312 cm z siatk\u0105 zabezpieczaj\u0105c\u0105 i drabink\u0105<\/h1>\n<p style=\"margin: 15px 0; line-height: 1.8; clear: both; display: block; width: 100%; float: none; position: static;\">W zestawie otrzymasz:<\/p>\n<ul style=\"margin: 15px 0; padding-left: 20px; clear: both; display: block; width: 100%; float: none; position: static;\">\n<li style=\"margin: 5px 0; padding: 2px 0; clear: both; display: list-item; float: none; position: static;\">Trampolin\u0119 o \u015brednicy ca\u0142kowitej 312<b>&nbsp;cm<\/b><\/li>\n<li style=\"margin: 5px 0; padding: 2px 0; clear: both; display: list-item; float: none; position: static;\">Siatk\u0119 zabezpieczaj\u0105ca o wysoko\u015bci&nbsp;<b>180 cm<\/b><\/li>\n<li style=\"margin: 5px 0; padding: 2px 0; clear: both; display: list-item; float: none; position: static;\"><b>Drabink\u0119<\/b><\/li>\n<\/ul>\n<p style=\"margin: 15px 0; line-height: 1.8; clear: both; display: block; width: 100%; float: none; position: static;\">Parametry:<\/p>\n<ul style=\"margin: 15px 0; padding-left: 20px; clear: both; display: block; width: 100%; float: none; position: static;\">\n<li style=\"margin: 5px 0; padding: 2px 0; clear: both; display: list-item; float: none; position: static;\">dopuszczalne obci\u0105\u017cenie&nbsp;<b>150 kg<\/b><\/li>\n<li style=\"margin: 5px 0; padding: 2px 0; clear: both; display: list-item; float: none; position: static;\">mocowanie maty za pomoc\u0105 spr\u0119\u017cyn<\/li>\n<li style=\"margin: 5px 0; padding: 2px 0; clear: both; display: list-item; float: none; position: static;\">polipropylenowe os\u0142ony s\u0142upk\u00f3w<\/li>\n<li style=\"margin: 5px 0; padding: 2px 0; clear: both; display: list-item; float: none; position: static;\">5 n\u00f3g stabilizuj\u0105cych trampolin\u0119<\/li>\n<li style=\"margin: 5px 0; padding: 2px 0; clear: both; display: list-item; float: none; position: static;\">wodoodporna mata os\u0142ona spr\u0119\u017cyn<\/li>\n<\/ul>\n<\/div>\n<\/div>\n<\/div>\n<div style=\"clear: both; display: block; margin: 10px 0;\">\n<div style=\"clear: both; display: block; margin: 10px 0;\">\n<div style=\"clear: both; display: block; margin: 10px 0;\">\n<h1>Dane techniczne:<\/h1>\n<ul style=\"margin: 15px 0; padding-left: 20px; clear: both; display: block; width: 100%; float: none; position: static;\">\n<li style=\"margin: 5px 0; padding: 2px 0; clear: both; display: list-item; float: none; position: static;\">\u015brednica trampoliny to&nbsp;<b>312cm &#8211; czyli 10 ft<\/b><\/li>\n<li style=\"margin: 5px 0; padding: 2px 0; clear: both; display: list-item; float: none; position: static;\">w komplecie siatka&nbsp;<b>wewn\u0119trzna<\/b><\/li>\n<li style=\"margin: 5px 0; padding: 2px 0; clear: both; display: list-item; float: none; position: static;\">wysoko\u015b\u0107 maty od ziemi ok<b> 76 cm<\/b><\/li>\n<li style=\"margin: 5px 0; padding: 2px 0; clear: both; display: list-item; float: none; position: static;\">wysoko\u015b\u0107 ca\u0142kowita siatki&nbsp;<b>ok. 180 cm<\/b><\/li>\n<li style=\"margin: 5px 0; padding: 2px 0; clear: both; display: list-item; float: none; position: static;\">wysoko\u015b\u0107 ca\u0142kowita trampoliny&nbsp;<b>ok. 256 cm<\/b><\/li>\n<li style=\"margin: 5px 0; padding: 2px 0; clear: both; display: list-item; float: none; position: static;\">ilo\u015b\u0107 s\u0142upk\u00f3w&nbsp;<b>8 szt.<\/b><\/li>\n<li style=\"margin: 5px 0; padding: 2px 0; clear: both; display: list-item; float: none; position: static;\">kolor s\u0142upk\u00f3w<b>: czarny<\/b><\/li>\n<li style=\"margin: 5px 0; padding: 2px 0; clear: both; display: list-item; float: none; position: static;\">w komplecie wytrzyma\u0142e galwanizowane spr\u0119\u017cyny<\/li>\n<li style=\"margin: 5px 0; padding: 2px 0; clear: both; display: list-item; float: none; position: static;\">ilo\u015b\u0107 spr\u0119\u017cyn 54<b>&nbsp;szt.<\/b><\/li>\n<li style=\"margin: 5px 0; padding: 2px 0; clear: both; display: list-item; float: none; position: static;\">wodoodporna mata<\/li>\n<\/ul>\n<h1>W zestawie:<\/h1>\n<ul style=\"margin: 15px 0; padding-left: 20px; clear: both; display: block; width: 100%; float: none; position: static;\">\n<li style=\"margin: 5px 0; padding: 2px 0; clear: both; display: list-item; float: none; position: static;\">trampolina<\/li>\n<li style=\"margin: 5px 0; padding: 2px 0; clear: both; display: list-item; float: none; position: static;\">siatka zabezpieczaj\u0105ca<\/li>\n<li style=\"margin: 5px 0; padding: 2px 0; clear: both; display: list-item; float: none; position: static;\">instrukcja obs\u0142ugi<\/li>\n<li style=\"margin: 5px 0; padding: 2px 0; clear: both; display: list-item; float: none; position: static;\">drabinka<\/li>\n<\/ul>\n<\/div>\n<\/div>\n<div style=\"clear: both; display: block; margin: 10px 0;\">\n<div style=\"clear: both; display: block; margin: 10px 0;\">\n<div  style=\"max-width:1024px;max-height:1536px\">\n<div style=\"clear: both; display: block; margin: 10px 0;\">\n<div style=\"clear: both; width: 100%; display: block; margin: 20px 0; padding: 0; float: none; position: static; text-align: center;\"><img decoding=\"async\"  src=\"https:\/\/a.allegroimg.com\/original\/116fde\/bbbb10ce4c6aaa60df9f7d57eaf1\/TRAMPOLINA-OGRODOWA-ATLAS-SPORT-305-cm-10ft-SIATKA-180-CM-PRO-ZIELONA-Stan-opakowania-oryginalne\" srcset=\"https:\/\/a.allegroimg.com\/original\/116fde\/bbbb10ce4c6aaa60df9f7d57eaf1\/TRAMPOLINA-OGRODOWA-ATLAS-SPORT-305-cm-10ft-SIATKA-180-CM-PRO-ZIELONA-Stan-opakowania-oryginalne 240w,https:\/\/a.allegroimg.com\/original\/116fde\/bbbb10ce4c6aaa60df9f7d57eaf1\/TRAMPOLINA-OGRODOWA-ATLAS-SPORT-305-cm-10ft-SIATKA-180-CM-PRO-ZIELONA-Stan-opakowania-oryginalne 480w,https:\/\/a.allegroimg.com\/original\/116fde\/bbbb10ce4c6aaa60df9f7d57eaf1\/TRAMPOLINA-OGRODOWA-ATLAS-SPORT-305-cm-10ft-SIATKA-180-CM-PRO-ZIELONA-Stan-opakowania-oryginalne 682w,https:\/\/a.allegroimg.com\/original\/116fde\/bbbb10ce4c6aaa60df9f7d57eaf1\/TRAMPOLINA-OGRODOWA-ATLAS-SPORT-305-cm-10ft-SIATKA-180-CM-PRO-ZIELONA-Stan-opakowania-oryginalne 960w,https:\/\/a.allegroimg.com\/original\/116fde\/bbbb10ce4c6aaa60df9f7d57eaf1\/TRAMPOLINA-OGRODOWA-ATLAS-SPORT-305-cm-10ft-SIATKA-180-CM-PRO-ZIELONA-Stan-opakowania-oryginalne 1024w\" sizes=\"(min-width: 1200px) 560px, (min-width: 992px) 50vw, 100vw\" width=\"1024px\" alt=\"TRAMPOLINA OGRODOWA ATLAS SPORT 305 cm 10ft SIATKA 180 CM PRO ZIELONA Stan opakowania oryginalne\" style=\"max-width: 100%; height: auto; display: block; margin: 0 auto;\"><\/div>\n<\/div>\n<\/div>\n<\/div>\n<\/div>\n<\/div>\n<div style=\"clear: both; display: block; margin: 10px 0;\">\n<div style=\"clear: both; display: block; margin: 10px 0;\">\n<div style=\"clear: both; display: block; margin: 10px 0;\">\n<p style=\"margin: 15px 0; line-height: 1.8; clear: both; display: block; width: 100%; float: none; position: static;\">Trampoliny <b>Atlas Sport<\/b> to sprawdzone, profesjonalne produkty, kt\u00f3re powstaj\u0105 w oparciu o niemal 20 lat do\u015bwiadczenia w bran\u017cy rekreacyjnej i sportowej. Marka od lat konsekwentnie rozwija swoje rozwi\u0105zania, \u0142\u0105cz\u0105c wysok\u0105 jako\u015b\u0107 wykonania z bezpiecze\u0144stwem i nowoczesnym designem.<\/p>\n<p style=\"margin: 15px 0; line-height: 1.8; clear: both; display: block; width: 100%; float: none; position: static;\">Ka\u017cda trampolina Atlas Sport zosta\u0142a zaprojektowana z my\u015bl\u0105 o intensywnym u\u017cytkowaniu. Solidne, stalowe konstrukcje odporne na korozj\u0119, wytrzyma\u0142e maty oraz precyzyjnie dobrane spr\u0119\u017cyny gwarantuj\u0105 stabilno\u015b\u0107 i doskona\u0142e w\u0142a\u015bciwo\u015bci odbicia przez wiele sezon\u00f3w.<\/p>\n<p style=\"margin: 15px 0; line-height: 1.8; clear: both; display: block; width: 100%; float: none; position: static;\">Szczeg\u00f3ln\u0105 uwag\u0119 producent przyk\u0142ada do bezpiecze\u0144stwa u\u017cytkownik\u00f3w. Wysokiej jako\u015bci siatki zabezpieczaj\u0105ce, wzmocnione s\u0142upki oraz starannie wyko\u0144czone os\u0142ony spr\u0119\u017cyn minimalizuj\u0105 ryzyko uraz\u00f3w, zapewniaj\u0105c komfortow\u0105 i bezpieczn\u0105 zabaw\u0119 dla dzieci i doros\u0142ych a wszystko to potwierdzone testami i certyfikatami.<\/p>\n<p style=\"margin: 15px 0; line-height: 1.8; clear: both; display: block; width: 100%; float: none; position: static;\">Dzi\u0119ki wieloletniemu do\u015bwiadczeniu Atlas Sport doskonale rozumie potrzeby klient\u00f3w, oferuj\u0105c produkty dopracowane w ka\u017cdym detalu \u2013 od trwa\u0142ych materia\u0142\u00f3w, przez estetyk\u0119 wykonania, a\u017c po \u0142atwo\u015b\u0107 monta\u017cu. To wyb\u00f3r dla os\u00f3b, kt\u00f3re szukaj\u0105 niezawodno\u015bci, jako\u015bci i bezpiecze\u0144stwa na najwy\u017cszym poziomie.<\/p>\n<\/div>\n<\/div>\n<\/div>\n<div style=\"clear: both; display: block; margin: 10px 0;\">\n<div style=\"clear: both; display: block; margin: 10px 0;\">\n<div style=\"clear: both; display: block; margin: 10px 0;\">\n<div  style=\"max-width:1024px;max-height:1536px\">\n<div style=\"clear: both; display: block; margin: 10px 0;\">\n<div style=\"clear: both; width: 100%; display: block; margin: 20px 0; padding: 0; float: none; position: static; text-align: center;\"><img decoding=\"async\"  src=\"https:\/\/a.allegroimg.com\/original\/111a9c\/d78d7b9c4fcaa4bd500f3bf09e91\/TRAMPOLINA-OGRODOWA-ATLAS-SPORT-305-cm-10ft-SIATKA-180-CM-PRO-ZIELONA-Kod-producenta-AS10FT\" srcset=\"https:\/\/a.allegroimg.com\/original\/111a9c\/d78d7b9c4fcaa4bd500f3bf09e91\/TRAMPOLINA-OGRODOWA-ATLAS-SPORT-305-cm-10ft-SIATKA-180-CM-PRO-ZIELONA-Kod-producenta-AS10FT 240w,https:\/\/a.allegroimg.com\/original\/111a9c\/d78d7b9c4fcaa4bd500f3bf09e91\/TRAMPOLINA-OGRODOWA-ATLAS-SPORT-305-cm-10ft-SIATKA-180-CM-PRO-ZIELONA-Kod-producenta-AS10FT 480w,https:\/\/a.allegroimg.com\/original\/111a9c\/d78d7b9c4fcaa4bd500f3bf09e91\/TRAMPOLINA-OGRODOWA-ATLAS-SPORT-305-cm-10ft-SIATKA-180-CM-PRO-ZIELONA-Kod-producenta-AS10FT 682w,https:\/\/a.allegroimg.com\/original\/111a9c\/d78d7b9c4fcaa4bd500f3bf09e91\/TRAMPOLINA-OGRODOWA-ATLAS-SPORT-305-cm-10ft-SIATKA-180-CM-PRO-ZIELONA-Kod-producenta-AS10FT 960w,https:\/\/a.allegroimg.com\/original\/111a9c\/d78d7b9c4fcaa4bd500f3bf09e91\/TRAMPOLINA-OGRODOWA-ATLAS-SPORT-305-cm-10ft-SIATKA-180-CM-PRO-ZIELONA-Kod-producenta-AS10FT 1024w\" sizes=\"100vw\" width=\"1024px\" alt=\"TRAMPOLINA OGRODOWA ATLAS SPORT 305 cm 10ft SIATKA 180 CM PRO ZIELONA Kod producenta AS10FT\" style=\"max-width: 100%; height: auto; display: block; margin: 0 auto;\"><\/div>\n<\/div>\n<\/div>\n<\/div>\n<\/div>\n<\/div>\n<\/div>\n<\/div>\n<\/div>\n<div style=\"clear: both; display: block; margin: 10px 0;\">\n","protected":false},"excerpt":{"rendered":"<p>Trampolina 312 cm z siatk\u0105 zabezpieczaj\u0105c\u0105 i drabink\u0105<\/p>\n<p>W zestawie otrzymasz:<\/p>\n<p>Trampolin\u0119 o \u015brednicy ca\u0142kowitej 312&nbsp;cm<\/p>\n<p>Siatk\u0119 zabezpieczaj\u0105ca o wysoko\u015bci&nbsp;180 cm<\/p>\n<p>Drabink\u0119<\/p>\n<p>Parametry:<\/p>\n<p>dopuszczalne obci\u0105\u017cenie&nbsp;150 kg<\/p>\n<p>mocowanie maty za pomoc\u0105 spr\u0119\u017cyn<\/p>\n","protected":false},"featured_media":15884,"template":"","meta":{"_uag_custom_page_level_css":""},"product_brand":[941],"product_cat":[541,864,863,862],"product_tag":[],"class_list":{"0":"post-15883","1":"product","2":"type-product","3":"status-publish","4":"has-post-thumbnail","6":"product_brand-atlas-sport","7":"product_cat-ogrod","8":"product_cat-trampoliny","9":"product_cat-trampoliny-i-akcesoria","10":"product_cat-zabawki-ogrodowe","12":"first","13":"instock","14":"sale","15":"shipping-taxable","16":"purchasable","17":"product-type-simple"},"uagb_featured_image_src":{"full":["https:\/\/ogrodowysklepplus.shop\/grill\/wp-content\/uploads\/2026\/04\/allegro-image-15883.jpg",930,1033,false],"thumbnail":["https:\/\/ogrodowysklepplus.shop\/grill\/wp-content\/uploads\/2026\/04\/allegro-image-15883-150x150.jpg",150,150,true],"medium":["https:\/\/ogrodowysklepplus.shop\/grill\/wp-content\/uploads\/2026\/04\/allegro-image-15883-270x300.jpg",270,300,true],"medium_large":["https:\/\/ogrodowysklepplus.shop\/grill\/wp-content\/uploads\/2026\/04\/allegro-image-15883-768x853.jpg",768,853,true],"large":["https:\/\/ogrodowysklepplus.shop\/grill\/wp-content\/uploads\/2026\/04\/allegro-image-15883-922x1024.jpg",922,1024,true],"1536x1536":["https:\/\/ogrodowysklepplus.shop\/grill\/wp-content\/uploads\/2026\/04\/allegro-image-15883.jpg",930,1033,false],"2048x2048":["https:\/\/ogrodowysklepplus.shop\/grill\/wp-content\/uploads\/2026\/04\/allegro-image-15883.jpg",930,1033,false],"woocommerce_thumbnail":["https:\/\/ogrodowysklepplus.shop\/grill\/wp-content\/uploads\/2026\/04\/allegro-image-15883-300x300.jpg",300,300,true],"woocommerce_single":["https:\/\/ogrodowysklepplus.shop\/grill\/wp-content\/uploads\/2026\/04\/allegro-image-15883-600x666.jpg",600,666,true],"woocommerce_gallery_thumbnail":["https:\/\/ogrodowysklepplus.shop\/grill\/wp-content\/uploads\/2026\/04\/allegro-image-15883-100x100.jpg",100,100,true]},"uagb_author_info":{"display_name":"admin","author_link":"https:\/\/ogrodowysklepplus.shop\/grill\/author\/"},"uagb_comment_info":0,"uagb_excerpt":"Trampolina 312 cm z siatk\u0105 zabezpieczaj\u0105c\u0105 i drabink\u0105 W zestawie otrzymasz: Trampolin\u0119 o \u015brednicy ca\u0142kowitej 312&nbsp;cm Siatk\u0119 zabezpieczaj\u0105ca o wysoko\u015bci&nbsp;180 cm Drabink\u0119 Parametry: dopuszczalne obci\u0105\u017cenie&nbsp;150 kg mocowanie maty za pomoc\u0105 spr\u0119\u017cyn","_links":{"self":[{"href":"https:\/\/ogrodowysklepplus.shop\/grill\/wp-json\/wp\/v2\/product\/15883","targetHints":{"allow":["GET"]}}],"collection":[{"href":"https:\/\/ogrodowysklepplus.shop\/grill\/wp-json\/wp\/v2\/product"}],"about":[{"href":"https:\/\/ogrodowysklepplus.shop\/grill\/wp-json\/wp\/v2\/types\/product"}],"wp:featuredmedia":[{"embeddable":true,"href":"https:\/\/ogrodowysklepplus.shop\/grill\/wp-json\/wp\/v2\/media\/15884"}],"wp:attachment":[{"href":"https:\/\/ogrodowysklepplus.shop\/grill\/wp-json\/wp\/v2\/media?parent=15883"}],"wp:term":[{"taxonomy":"product_brand","embeddable":true,"href":"https:\/\/ogrodowysklepplus.shop\/grill\/wp-json\/wp\/v2\/product_brand?post=15883"},{"taxonomy":"product_cat","embeddable":true,"href":"https:\/\/ogrodowysklepplus.shop\/grill\/wp-json\/wp\/v2\/product_cat?post=15883"},{"taxonomy":"product_tag","embeddable":true,"href":"https:\/\/ogrodowysklepplus.shop\/grill\/wp-json\/wp\/v2\/product_tag?post=15883"}],"curies":[{"name":"wp","href":"https:\/\/api.w.org\/{rel}","templated":true}]}}